 factors of 6401?
37, 173
What are the prime factors of 2314?
2, 13, 89
What are the prime factors of 9375?
3, 5
What are the prime factors of 5490?
2, 3, 5, 61
What are the prime factors of 1296?
2, 3
List the prime factors of 3517.
3517
List the prime factors of 8336.
2, 521
What are the prime factors of 3379?
31, 109
List the prime factors of 5.
5
List the prime factors of 979.
11, 89
List the prime factors of 2811.
3, 937
List the prime factors of 16100.
2, 5, 7, 23
What are the prime factors of 114368?
2, 1787
What are the prime factors of 15573?
3, 29, 179
List the prime factors of 1808.
2, 113
List the prime factors of 19153.
107, 179
List the prime factors of 3408.
2, 3, 71
List the prime factors of 4398.
2, 3, 733
List the prime factors of 93734.
2, 46867
List the prime factors of 2412.
2, 3, 67
What are the prime factors of 4810?
2, 5, 13, 37
List the prime factors of 914.
2, 457
What are the prime factors of 19387?
19387
What are the prime factors of 1290?
2, 3, 5, 43
List the prime factors of 153327.
3, 51109
What are the prime factors of 104187?
3, 34729
List the prime factors of 8198.
2, 4099
List the prime factors of 34037.
101, 337
List the prime factors of 32575.
5, 1303
What are the prime factors of 7798?
2, 7, 557
List the prime factors of 84664.
2, 19, 557
List the prime factors of 6600.
2, 3, 5, 11
What are the prime factors of 5998?
2, 2999
What are the prime factors of 29786?
2, 53, 281
List the prime factors of 7813.
13, 601
List the prime factors of 38207.
13, 2939
List the prime factors of 893.
19, 47
What are the prime factors of 7185?
3, 5, 479
List the prime factors of 16647.
3, 31, 179
List the prime factors of 1974.
2, 3, 7, 47
What are the prime factors of 420?
2, 3, 5, 7
What are the prime factors of 47350?
2, 5, 947
List the prime factors of 734.
2, 367
What are the prime factors of 4230?
2, 3, 5, 47
What are the prime factors of 1159?
19, 61
List the prime factors of 21855.
3, 5, 31, 47
List the prime factors of 1558.
2, 19, 41
List the prime factors of 33138.
2, 3, 7, 263
What are the prime factors of 4047?
3, 19, 71
List the prime factors of 22613.
22613
List the prime factors of 21056.
2, 7, 47
What are the prime factors of 271?
271
List the prime factors of 190.
2, 5, 19
List the prime factors of 3004.
2, 751
What are the prime factors of 842?
2, 421
List the prime factors of 1376.
2, 43
List the prime factors of 119829.
3, 59, 677
List the prime factors of 2324.
2, 7, 83
List the prime factors of 8619.
3, 13, 17
List the prime factors of 2756.
2, 13, 53
What are the prime factors of 108?
2, 3
List the prime factors of 18901.
41, 461
What are the prime factors of 740?
2, 5, 37
What are the prime factors of 58725?
3, 5, 29
What are the prime factors of 17804?
2, 4451
What are the prime factors of 1560?
2, 3, 5, 13
What are the prime factors of 21183?
3, 23, 307
What are the prime factors of 8633?
89, 97
What are the prime factors of 6843?
3, 2281
List the prime factors of 167640.
2, 3, 5, 11, 127
What are the prime factors of 1579?
1579
What are the prime factors of 29222?
2, 19, 769
List the prime factors of 1312.
2, 41
What are the prime factors of 4217?
4217
What are the prime factors of 5378?
2, 2689
What are the prime factors of 15617?
7, 23, 97
List the prime factors of 8404.
2, 11, 191
What are the prime factors of 4986?
2, 3, 277
List the prime factors of 373.
373
List the prime factors of 21639.
3, 7213
What are the prime factors of 1755?
3, 5, 13
List the prime factors of 1986.
2, 3, 331
List the prime factors of 22112.
2, 691
What are the prime factors of 8462?
2, 4231
List the prime factors of 9973.
9973
List the prime factors of 24031.
7, 3433
List the prime factors of 754.
2, 13, 29
What are the prime factors of 33569?
33569
List the prime factors of 56142.
2, 3, 3119
List the prime factors of 66.
2, 3, 11
List the prime factors of 2672.
2, 167
List the prime factors of 884.
2, 13, 17
List the prime factors of 526.
2, 263
List the prime factors of 60.
2, 3, 5
List the prime factors of 44585.
5, 37, 241
List the prime factors of 16092.
2, 3, 149
List the prime factors of 8052.
2, 3, 11, 61
List the prime factors of 104245.
5, 20849
List the prime factors of 9176.
2, 31, 37
What are the prime factors of 132?
2, 3, 11
What are the prime factors of 566?
2, 283
What are the prime factors of 13142?
2, 6571
List the prime factors of 15766.
2, 7883
List the prime factors of 1857.
3, 619
What are the prime factors of 612?
2, 3, 17
What are the prime factors of 20753?
20753
What are the prime factors of 1384?
2, 173
List the prime factors of 52119.
3, 5791
What are the prime factors of 3104?
2, 97
List the prime factors of 1757.
7, 251
What are the prime factors of 592?
2, 37
What are the prime factors of 3400?
2, 5, 17
What are the prime factors of 23165?
5, 41, 113
List the prime factors of 17997.
3, 7, 857
List the prime factors of 21412.
2, 53, 101
List the prime factors of 2737.
7, 17, 23
List the prime factors of 1956.
2, 3, 163
What are the prime factors of 799?
17, 47
What are the prime factors of 4134?
2, 3, 13, 53
List the prime factors of 759.
3, 11, 23
List the prime factors of 1631.
7, 233
What are the prime factors of 1761?
3, 587
List the prime factors of 1221.
3, 11, 37
List the prime factors of 1473.
3, 491
List the prime factors of 3060.
2, 3, 5, 17
List the prime factors of 287.
7, 41
List the prime factors of 225.
3, 5
List the prime factors of 9899.
19, 521
What are the prime factors of 4092?
2, 3, 11, 31
What are the prime factors of 58?
2, 29
List the prime factors of 10524.
2, 3, 877
What are the prime factors of 2430?
2, 3, 5
List the prime factors of 1568.
2, 7
List the prime factors of 68790.
2, 3, 5, 2293
List the prime factors of 10010.
2, 5, 7, 11, 13
List the prime factors of 79.
79
List the prime factors of 59730.
2, 3, 5, 11, 181
What are the prime factors of 566?
2, 283
List the prime factors of 193.
193
What are the prime factors of 4623?
3, 23, 67
What are the prime factors of 636?
2, 3, 53
List the prime factors of 2034.
2, 3, 113
List the prime factors of 24878.
2, 7, 1777
What are the prime factors of 85?
5, 17
What are the prime factors of 321?
3, 107
What are the prime factors of 1495?
5, 13, 23
What are the prime factors of 5973?
3, 11, 181
List the prime factors of 74339.
79, 941
List the prime factors of 10233.
3, 379
What are the prime factors of 88342?
2, 44171
What are the prime factors of 98979?
3, 32993
List the prime factors of 19318.
2, 13, 743
What are the prime factors of 24548?
2, 17, 19
List the prime factors of 40347.
3, 4483
List the prime factors of 8112.
2, 3, 13
What are the prime factors of 3569?
43, 83
List the prime factors of 36449.
7, 41, 127
What are the prime factors of 46650?
2, 3, 5, 311
What are the prime factors of 91287?
3, 7, 23
What are the prime factors of 55798?
2, 23, 1213
List the prime factors of 1403.
23, 61
What are the prime factors of 1960?
2, 5, 7
What are the prime factors of 125114?
2, 11, 47
List the prime factors of 1429.
1429
What are the prime factors of 39908?
2, 11, 907
List the prime factors of 1469.
13, 113
List the prime factors of 2394.
2, 3, 7, 19
What are the prime factors of 6092?
2, 1523
List the prime factors of 5326.
2, 2663
List the prime factors of 3411.
3, 379
List the prime factors of 6199.
6199
List the prime factors of 4470.
2, 3, 5, 149
List the prime factors of 131700.
2, 3, 5, 439
What are the prime factors of 2732?
2, 683
What are the prime factors of 13142?
2, 6571
List the prime factors of 9748.
2, 2437
What are the prime factors of 10341?
3, 383
What are the prime factors of 1319?
1319
List the prime factors of 3552.
2, 3, 37
What are the prime factors of 14566?
2, 7283
What are the prime factors of 3484?
2, 13, 67
What are the prime factors of 6688?
2, 11, 19
List the prime factors of 1341.
3, 149
What are the prime factors of 1262?
2, 631
What are the prime factors of 4754?
2, 2377
List the prime factors of 30019.
11, 2729
List the prime factors of 1085.
5, 7, 31
List the prime factors of 229.
229
What are the prime factors of 769?
769
List the prime factors of 533.
13, 41
List the prime factors of 5544.
2, 3, 7, 11
What are the prime factors of 1998?
2, 3, 37
What are the prime fac